-632. Let w = p - 317. What is the hundreds digit of w?
2
Suppose -5*l - 3*b + 131215 = 0, -3*b - 47540 = -5*l + 83705. What is the units digit of l?
6
Suppose -15*q - 83*q = -1503026. What is the units digit of q?
7
Let o = 2086 - -1583. What is the tens digit of o?
6
Let q(g) = 1489*g + 1320. What is the units digit of q(9)?
1
Let d be (2 + 5 + (-60)/8)*-106. Suppose g = -5*x + 66, -60 - d = -3*g + 2*x. What is the tens digit of g?
4
Let t(b) = 4094*b - 2877. What is the tens digit of t(8)?
7
Suppose -d - f = -2*d + 67461, -4*f + 742056 = 11*d. What is the tens digit of d?
6
Suppose -2*j - 347 = 3*n - 2832, 3*j - 5*n = 3680. What is the tens digit of j?
3
Let h(t) = -3*t - 6. Let r = 22 - 16. Let n be h(r). What is the tens digit of (n/(-9))/(5/90)?
4
Let t be 1 + -3 + (1 - (-2)/2). Suppose 2*p - 7 = -3*l + 49, t = -5*l - 3*p + 94. Suppose 0 = 7*q - 2*q - l, -3*q + 287 = 5*s. What is the tens digit of s?
5
What is the hundreds digit of 9837328/2147 + 4/38?
5
Suppose 3362 = -5*h + 2*r, -3*h + 4*r = 3089 - 1083. Let d = 78 - h. What is the hundreds digit of d?
7
Suppose -2*z + 11 = q, 15 = q - 2*z + 5*z. Suppose 14 = r - 3*o - 5, -q*o = 4*r - 61. Let c = r - 1. What is the units digit of c?
5
Let m = 50786 + -26475. What is the hundreds digit of m?
3
Let s(a) be the first derivative of -a**4/4 - 2*a**3/3 + a**2/2 + 4*a - 1. Suppose 18*i - 2548 = 358*i - 508. What is the tens digit of s(i)?
4
Suppose -74*p + 9276 = -62*p. What is the hundreds digit of p?
7
Let d(n) = -n**2 - 39*n + 45. Let w be d(-40). Suppose w*i + 3*q = 1334 + 799, -4*i + 1709 = 5*q. What is the units digit of i?
6
Let t(q) = -116*q - 57. Let h be t(7). Let a = h + 1323. What is the tens digit of a?
5
Let l(i) = -i**3 + 4*i**2 + 5*i - 15. Let b be l(4). Suppose b*d - 4*x = 6114, -5*d - 1798 + 7913 = -5*x. What is the units digit of d?
2
Let q be (-46405)/(-35) - -3 - 4/(-28). What is the units digit of q/15 + (-4)/(-10)?
9
Let j(o) = 16*o - 6. Let k be j(6). Let c be 4/38 + (-8)/76. Suppose 2*r = -c*r + k. What is the units digit of r?
5
Let p(n) = 93*n**2 + 223*n - 2. What is the units digit of p(-8)?
6
Let m(k) = 9*k**2 + 116*k + 203. What is the units digit of m(-32)?
7
Suppose b + 0*b = 2*c + 10, -2*b - 15 = c. What is the hundreds digit of (-2)/(-4) - c/2 - -114?
1
Suppose -10 = -12*a + 38. Suppose 232 + 12 = a*h. What is the tens digit of h?
6
Let r be ((-1956)/(-8))/(2 + 20/(-8)). What is the units digit of 5 + 8*r/(-6)?
7
Let w = 4063 - -1155. What is the tens digit of w?
1
Suppose -33808*x - 122796 = -33814*x. What is the hundreds digit of x?
4
Suppose 3*o + h = 5*o - 14556, 5*o + 5*h = 36435. What is the tens digit of o?
8
Suppose 6*a - g + 2075 = 7*a, 3*g = -a + 2079. Suppose -6*w + 5127 - a = 0. What is the tens digit of w?
0
Let h(u) = 2*u**3 - 2*u**2 - 4*u + 13505. What is the thousands digit of h(0)?
3
Let s(t) = 1893*t**2 - 115*t - 344. What is the units digit of s(-3)?
8
Suppose 15*n - 9 = 6*n. Let r be n*((-115)/(-20))/((-1)/(-4)). Suppose -r*x + 21*x = -78. What is the units digit of x?
9
Suppose 25*v = 55748 + 134077. What is the hundreds digit of v?
5
Suppose -2*s + 5*s - 63 = 0. Suppose n = s + 22. Suppose -2*g + n + 37 = 0. What is the tens digit of g?
4
What is the tens digit of ((-796)/28)/((-130)/34580)?
6
Let q be -2 - -5 - 1*-7. Suppose 5*n + 2*p + q = -3*p, -3*p + 1 = -4*n. What is the units digit of (-2 + (n - 2))*-5?
5
Let l(s) = 2*s**3 - 114*s**2 + 92*s - 289. What is the tens digit of l(61)?
9
Let j = 20 + -16. Suppose -i = -d + 4, -6 = -j*i - 2. Suppose 2*b = -2, 7*k - 2*k = -d*b + 400. What is the tens digit of k?
8
Let v be 1/(-2 + 37/18). Let j be 27/4 + v/72. Suppose 5*r + 240 = j*r. What is the hundreds digit of r?
1
Let g(y) = 463*y**3 + 3*y**2 - y - 9. What is the thousands digit of g(3)?
2
Suppose 4*b = 2*k - 4, 4*k + 4*b + 11 = -29. Let a = 480 - 337. Let u = a + k. What is the hundreds digit of u?
1
Let j be (-6912)/(-45) + 12/(-20). Let m = j + 160. What is the units digit of m?
3
Let p(a) = -a**3 + 13*a**2 - 12*a + 2. Let s = 17 + -5. Let k be p(s). What is the hundreds digit of 114 - (2/k - 2)?
1
Let m(p) = 7*p**3 - 3*p**2 + 4*p - 6. Let l(n) = -n**3 - 13*n**2 + 12*n - 6. Let w be l(-14). Let s = w + -19. What is the hundreds digit of m(s)?
1
Suppose -4*q + 13*x = 18*x - 92149, 3*q - 69115 = -7*x. What is the thousands digit of q?
3
Let d = -894 + 1516. Suppose -3*r = -d - 209. Suppose 0 = -5*l - 3*y - 71 + r, 3*l - y = 118. What is the tens digit of l?
4
Suppose -8*b + 122154 = 15*b + 23277. What is the tens digit of b?
9
Suppose 4*a - 12693 - 7955 = 0. What is the tens digit of a?
6
Suppose 0 = 53*o - 51*o + 4*c - 70536, -105849 = -3*o + 3*c. What is the thousands digit of o?
5
Let w(x) = -466*x - 1554. What is the thousands digit of w(-11)?
3
Let w be (-6)/(-14) - (-44)/28. Suppose y - 2*y - 11 = -w*j, 5*y + 22 = -j. Let b(r) = 2*r**3 - 2*r**2 + 4*r - 2. What is the tens digit of b(j)?
4
Suppose -35*y + 34*y = -v - 9372, 4*v - 37464 = -4*y. What is the tens digit of y?
6
Let c(z) = -9276*z - 6769. What is the hundreds digit of c(-4)?
3
Let n be (26/28 - (-6)/(-14))*-14. Let d(y) = -5*y**3 - 17*y**2 - 9*y + 14. What is the units digit of d(n)?
9
Suppose -2*w + 735 - 703 = 0. Suppose w + 3036 = 7*o. What is the units digit of o?
6
Let c(z) = 4699*z**3 + 3*z - 4. Let g be c(1). Suppose 4590 = 27*k - g. What is the tens digit of k?
4
Suppose j - 3*j - 4 = 0. Suppose -24 = -o - 9. What is the units digit of (-36)/j*o/10?
7
Let d(s) = -3112*s + 6428. What is the thousands digit of d(-9)?
4
Let h = 10237 - 4671. What is the thousands digit of h?
5
Let j(c) = 5*c**2 - c - 14. Let v = 34 - 38. Let d be 6/v*((-64)/(-8) - 4). What is the units digit of j(d)?
2
Let j(z) be the third derivative of 76*z**5/15 - 3*z**4/8 + 4*z**3/3 - 2*z**2 + 2. What is the hundreds digit of j(1)?
3
Let b(t) = t**3 - 8*t**2 - 3*t - 9. Let v be 2*(39/6 - 5). Suppose -21 = -3*i - 2*z, 2*z = 3*z + v. What is the tens digit of b(i)?
4
Let k(h) = h**2 - 116*h - 1089. What is the ten thousands digit of k(-112)?
2
Let i = 74 + 218. Let r = i - 163. What is the units digit of r?
9
What is the hundreds digit of (-6)/(-1) + 6289626/322?
5
Suppose -5*c + c + 12 = 0. Let o(n) = -n**2 + 4*n - c*n**3 + 7 - n + 0*n**3. What is the units digit of o(-3)?
0
Let r(g) = -318*g - 57. Let v be r(3). Let z = 284 - v. What is the hundreds digit of z?
2
Suppose 0 = -3*m, 0*l - 2*l + 2*m = -24. Suppose -5*c = d - 1121, l*c - 7*c - 1105 = -5*d. What is the hundreds digit of c?
2
Suppose -5*p - 60 = -55. Let c(h) = 643*h**2 - 4*h - 4. What is the hundreds digit of c(p)?
6
What is the tens digit of ((-161)/(-161))/((2/(-101889))/(8/(-12)))?
6
Suppose 277*b - 342*b + 175240 = 0. What is the units digit of b?
6
Suppose 4*g - 20*g = -854008 - 159016. What is the tens digit of g?
1
Let x be (-30)/135 - (-3)/((-27)/232). Let t = -20 - x. Suppose -t*v = -5*v - 173. What is the hundreds digit of v?
1
Let v(d) be the second derivative of -7*d**5/20 + 3*d**4/4 + 8*d**3 - d**2 + 2*d + 22. What is the tens digit of v(-6)?
4
Suppose 0 = 5*f + 3*x - 5575, -f + 1097 = -49*x + 46*x. What is the thousands digit of f?
1
Let c = 5194 + -2968. What is the thousands digit of c?
2
Let r(q) = q**3 - 19*q**2 + 4*q - 9. Let z be r(19). Let a = 70 - z. Suppose h = -a*y + 27, -3*h + y + 81 = -10. What is the tens digit of h?
3
Suppose 69323 + 562672 = 16*z - z. What is the ten thousands digit of z?
4
Let n(w) = -w**2 + 8*w + 3. Let t be n(8). Let r be (-2 + 3)*(85 - 86). What is the tens digit of -2 + (-1 - r) - (t - 161)?
5
Suppose 12111 = -3*q + 2*f, -f = -5*q + 3*f - 20187. What is the units digit of -6 - q/(4 - -1)?
1
Let f(d) = 9*d**3 + 2*d - 1. Let i be f(1). Let v be 1/(-5) + 32/i. Suppose 0*g - 258 = -3*g - 3*t, v*g - 268 = -5*t. What is the tens digit of g?
8
Suppose 25*d = 32*d. Suppose 3*p - 4*f - 2138 = d, 2133 = 16*p - 13*p - 3*f. What is the tens digit of p?
0
Suppose 0 = -206*b + 200*b. Suppose b = -2*u + u + 659. What is the units digit of u?
9
Let d = -3631 - -9105. What is the tens digit of d?
7
Let t be 16/64 + 11198/8. Suppose -169*g - t = -173*g. What is the tens digit of g?
5
Let c = 8951 + -4845. What is the units digit of c?
6
Let i = -2980 - -5841. What is the units digit of i?
1
Su